{"id":7,"date":"2021-02-07T06:30:22","date_gmt":"2021-02-07T06:30:22","guid":{"rendered":"https:\/\/www.tefromes.com.pl\/?page_id=7"},"modified":"2023-08-04T20:06:07","modified_gmt":"2023-08-04T20:06:07","slug":"tefromes","status":"publish","type":"page","link":"https:\/\/www.tefromes.com.pl\/","title":{"rendered":"Tefromes"},"content":{"rendered":"<style>.kb-row-layout-id7_9b87e3-2a > .kt-row-column-wrap{align-content:start;}:where(.kb-row-layout-id7_9b87e3-2a > .kt-row-column-wrap) > .wp-block-kadence-column{justify-content:start;}.kb-row-layout-id7_9b87e3-2a > .kt-row-column-wrap{column-gap:var(--global-kb-gap-md, 2rem);row-gap:var(--global-kb-gap-md, 2rem);padding-top:var(--global-kb-spacing-sm, 1.5rem);padding-bottom:var(--global-kb-spacing-sm, 1.5rem);}.kb-row-layout-id7_9b87e3-2a > .kt-row-column-wrap > div:not(.added-for-specificity){grid-column:initial;}.kb-row-layout-id7_9b87e3-2a > .kt-row-column-wrap{grid-template-columns:repeat(3, minmax(0, 1fr));}.kb-row-layout-id7_9b87e3-2a > .kt-row-layout-overlay{opacity:0.30;}@media all and (max-width: 1024px){.kb-row-layout-id7_9b87e3-2a > .kt-row-column-wrap > div:not(.added-for-specificity){grid-column:initial;}}@media all and (max-width: 1024px){.kb-row-layout-id7_9b87e3-2a > .kt-row-column-wrap{grid-template-columns:repeat(3, minmax(0, 1fr));}}@media all and (max-width: 767px){.kb-row-layout-id7_9b87e3-2a > .kt-row-column-wrap > div:not(.added-for-specificity){grid-column:initial;}.kb-row-layout-id7_9b87e3-2a > .kt-row-column-wrap{grid-template-columns:minmax(0, 1fr);}}<\/style><div class=\"kb-row-layout-wrap kb-row-layout-id7_9b87e3-2a alignnone wp-block-kadence-rowlayout\"><div class=\"kt-row-column-wrap kt-has-3-columns kt-row-layout-equal kt-tab-layout-inherit kt-mobile-layout-row kt-row-valign-top\">\n<style>.kadence-column7_681dd1-ef > .kt-inside-inner-col,.kadence-column7_681dd1-ef > .kt-inside-inner-col:before{border-top-left-radius:0px;border-top-right-radius:0px;border-bottom-right-radius:0px;border-bottom-left-radius:0px;}.kadence-column7_681dd1-ef > .kt-inside-inner-col{column-gap:var(--global-kb-gap-sm, 1rem);}.kadence-column7_681dd1-ef > .kt-inside-inner-col{flex-direction:column;}.kadence-column7_681dd1-ef > .kt-inside-inner-col > .aligncenter{width:100%;}.kadence-column7_681dd1-ef > .kt-inside-inner-col:before{opacity:0.3;}.kadence-column7_681dd1-ef{position:relative;}@media all and (max-width: 1024px){.kadence-column7_681dd1-ef > .kt-inside-inner-col{flex-direction:column;justify-content:center;}}@media all and (max-width: 767px){.kadence-column7_681dd1-ef > .kt-inside-inner-col{flex-direction:column;justify-content:center;}}<\/style>\n<div class=\"wp-block-kadence-column kadence-column7_681dd1-ef inner-column-1\"><div class=\"kt-inside-inner-col\">\n<figure class=\"wp-block-image size-large\"><img loading=\"lazy\" decoding=\"async\" width=\"1024\" height=\"570\" src=\"https:\/\/www.tefromes.com.pl\/wp-content\/uploads\/2021\/02\/EWM-Logo.svg-1024x570.png\" alt=\"Sprawarki EWM\" class=\"wp-image-26\" srcset=\"https:\/\/www.tefromes.com.pl\/wp-content\/uploads\/2021\/02\/EWM-Logo.svg-1024x570.png 1024w, https:\/\/www.tefromes.com.pl\/wp-content\/uploads\/2021\/02\/EWM-Logo.svg-600x334.png 600w, https:\/\/www.tefromes.com.pl\/wp-content\/uploads\/2021\/02\/EWM-Logo.svg-300x167.png 300w, https:\/\/www.tefromes.com.pl\/wp-content\/uploads\/2021\/02\/EWM-Logo.svg-768x428.png 768w, https:\/\/www.tefromes.com.pl\/wp-content\/uploads\/2021\/02\/EWM-Logo.svg.png 1200w\" sizes=\"auto, (max-width: 1024px) 100vw, 1024px\" \/><\/figure>\n<\/div><\/div>\n\n\n<style>.kadence-column7_ceeb70-a5 > .kt-inside-inner-col,.kadence-column7_ceeb70-a5 > .kt-inside-inner-col:before{border-top-left-radius:0px;border-top-right-radius:0px;border-bottom-right-radius:0px;border-bottom-left-radius:0px;}.kadence-column7_ceeb70-a5 > .kt-inside-inner-col{column-gap:var(--global-kb-gap-sm, 1rem);}.kadence-column7_ceeb70-a5 > .kt-inside-inner-col{flex-direction:column;}.kadence-column7_ceeb70-a5 > .kt-inside-inner-col > .aligncenter{width:100%;}.kadence-column7_ceeb70-a5 > .kt-inside-inner-col:before{opacity:0.3;}.kadence-column7_ceeb70-a5{position:relative;}@media all and (max-width: 1024px){.kadence-column7_ceeb70-a5 > .kt-inside-inner-col{flex-direction:column;justify-content:center;}}@media all and (max-width: 767px){.kadence-column7_ceeb70-a5 > .kt-inside-inner-col{flex-direction:column;justify-content:center;}}<\/style>\n<div class=\"wp-block-kadence-column kadence-column7_ceeb70-a5 inner-column-2\"><div class=\"kt-inside-inner-col\">\n<figure class=\"wp-block-image size-full\"><img loading=\"lazy\" decoding=\"async\" width=\"500\" height=\"250\" src=\"https:\/\/www.tefromes.com.pl\/wp-content\/uploads\/2021\/02\/mgm-logo-1.jpg\" alt=\"Wypalarki MGM\" class=\"wp-image-33\" srcset=\"https:\/\/www.tefromes.com.pl\/wp-content\/uploads\/2021\/02\/mgm-logo-1.jpg 500w, https:\/\/www.tefromes.com.pl\/wp-content\/uploads\/2021\/02\/mgm-logo-1-300x150.jpg 300w\" sizes=\"auto, (max-width: 500px) 100vw, 500px\" \/><\/figure>\n<\/div><\/div>\n\n\n<style>.kadence-column7_7b6862-5f > .kt-inside-inner-col,.kadence-column7_7b6862-5f > .kt-inside-inner-col:before{border-top-left-radius:0px;border-top-right-radius:0px;border-bottom-right-radius:0px;border-bottom-left-radius:0px;}.kadence-column7_7b6862-5f > .kt-inside-inner-col{column-gap:var(--global-kb-gap-sm, 1rem);}.kadence-column7_7b6862-5f > .kt-inside-inner-col{flex-direction:column;}.kadence-column7_7b6862-5f > .kt-inside-inner-col > .aligncenter{width:100%;}.kadence-column7_7b6862-5f > .kt-inside-inner-col:before{opacity:0.3;}.kadence-column7_7b6862-5f{position:relative;}@media all and (max-width: 1024px){.kadence-column7_7b6862-5f > .kt-inside-inner-col{flex-direction:column;justify-content:center;}}@media all and (max-width: 767px){.kadence-column7_7b6862-5f > .kt-inside-inner-col{flex-direction:column;justify-content:center;}}<\/style>\n<div class=\"wp-block-kadence-column kadence-column7_7b6862-5f inner-column-3\"><div class=\"kt-inside-inner-col\">\n<figure class=\"wp-block-image size-full\"><a href=\"https:\/\/www.tefromes.com.pl\/?page_id=47\"><img loading=\"lazy\" decoding=\"async\" width=\"400\" height=\"200\" src=\"https:\/\/www.tefromes.com.pl\/wp-content\/uploads\/2021\/02\/mosa_logo.png\" alt=\"Agregaty MOSA\" class=\"wp-image-27\" srcset=\"https:\/\/www.tefromes.com.pl\/wp-content\/uploads\/2021\/02\/mosa_logo.png 400w, https:\/\/www.tefromes.com.pl\/wp-content\/uploads\/2021\/02\/mosa_logo-300x150.png 300w\" sizes=\"auto, (max-width: 400px) 100vw, 400px\" \/><\/a><\/figure>\n<\/div><\/div>\n\n<\/div><\/div>\n\n<style>.kb-row-layout-id7_4669b7-7e > .kt-row-column-wrap{align-content:start;}:where(.kb-row-layout-id7_4669b7-7e > .kt-row-column-wrap) > .wp-block-kadence-column{justify-content:start;}.kb-row-layout-id7_4669b7-7e > .kt-row-column-wrap{column-gap:var(--global-kb-gap-md, 2rem);row-gap:var(--global-kb-gap-md, 2rem);padding-top:var(--global-kb-spacing-sm, 1.5rem);padding-bottom:var(--global-kb-spacing-sm, 1.5rem);grid-template-columns:minmax(0, 1fr) minmax(0, 2fr);}.kb-row-layout-id7_4669b7-7e > .kt-row-layout-overlay{opacity:0.30;}@media all and (max-width: 1024px){.kb-row-layout-id7_4669b7-7e > .kt-row-column-wrap{grid-template-columns:minmax(0, 1fr) minmax(0, 2fr);}}@media all and (max-width: 767px){.kb-row-layout-id7_4669b7-7e > .kt-row-column-wrap{grid-template-columns:minmax(0, 1fr);}}<\/style><div class=\"kb-row-layout-wrap kb-row-layout-id7_4669b7-7e alignnone wp-block-kadence-rowlayout\"><div class=\"kt-row-column-wrap kt-has-2-columns kt-row-layout-right-golden kt-tab-layout-inherit kt-mobile-layout-row kt-row-valign-top\">\n<style>.kadence-column7_12afa0-8b > .kt-inside-inner-col{display:flex;}.kadence-column7_12afa0-8b > .kt-inside-inner-col,.kadence-column7_12afa0-8b > .kt-inside-inner-col:before{border-top-left-radius:0px;border-top-right-radius:0px;border-bottom-right-radius:0px;border-bottom-left-radius:0px;}.kadence-column7_12afa0-8b > .kt-inside-inner-col{column-gap:var(--global-kb-gap-sm, 1rem);}.kadence-column7_12afa0-8b > .kt-inside-inner-col{flex-direction:column;justify-content:flex-start;}.kadence-column7_12afa0-8b > .kt-inside-inner-col > .aligncenter{width:100%;}.kt-row-column-wrap > .kadence-column7_12afa0-8b{align-self:flex-start;}.kt-inner-column-height-full:not(.kt-has-1-columns) > .wp-block-kadence-column.kadence-column7_12afa0-8b{align-self:auto;}.kt-inner-column-height-full:not(.kt-has-1-columns) > .wp-block-kadence-column.kadence-column7_12afa0-8b > .kt-inside-inner-col{flex-direction:column;justify-content:flex-start;}.kadence-column7_12afa0-8b > .kt-inside-inner-col:before{opacity:0.3;}.kadence-column7_12afa0-8b{text-align:left;}.kadence-column7_12afa0-8b{position:relative;}@media all and (max-width: 1024px){.kt-row-column-wrap > .kadence-column7_12afa0-8b{align-self:flex-start;}}@media all and (max-width: 1024px){.kt-inner-column-height-full:not(.kt-has-1-columns) > .wp-block-kadence-column.kadence-column7_12afa0-8b{align-self:auto;}}@media all and (max-width: 1024px){.kt-inner-column-height-full:not(.kt-has-1-columns) > .wp-block-kadence-column.kadence-column7_12afa0-8b > .kt-inside-inner-col{flex-direction:column;justify-content:flex-start;}}@media all and (max-width: 1024px){.kadence-column7_12afa0-8b > .kt-inside-inner-col{flex-direction:column;justify-content:flex-start;}}@media all and (max-width: 767px){.kt-row-column-wrap > .kadence-column7_12afa0-8b{align-self:flex-start;}.kt-inner-column-height-full:not(.kt-has-1-columns) > .wp-block-kadence-column.kadence-column7_12afa0-8b{align-self:auto;}.kt-inner-column-height-full:not(.kt-has-1-columns) > .wp-block-kadence-column.kadence-column7_12afa0-8b > .kt-inside-inner-col{flex-direction:column;justify-content:flex-start;}.kadence-column7_12afa0-8b > .kt-inside-inner-col{flex-direction:column;justify-content:flex-start;}}<\/style>\n<div class=\"wp-block-kadence-column kadence-column7_12afa0-8b kb-section-dir-vertical inner-column-1\"><div class=\"kt-inside-inner-col\"><style>.wp-block-kadence-advancedheading.kt-adv-heading7_8a1f25-3d, .wp-block-kadence-advancedheading.kt-adv-heading7_8a1f25-3d[data-kb-block=\"kb-adv-heading7_8a1f25-3d\"]{font-style:normal;}.wp-block-kadence-advancedheading.kt-adv-heading7_8a1f25-3d mark.kt-highlight, .wp-block-kadence-advancedheading.kt-adv-heading7_8a1f25-3d[data-kb-block=\"kb-adv-heading7_8a1f25-3d\"] mark.kt-highlight{font-style:normal;color:#f76a0c;-webkit-box-decoration-break:clone;box-decoration-break:clone;padding-top:0px;padding-right:0px;padding-bottom:0px;padding-left:0px;}<\/style>\n<h2 class=\"kt-adv-heading7_8a1f25-3d wp-block-kadence-advancedheading\" data-kb-block=\"kb-adv-heading7_8a1f25-3d\">Tefromes sp. z o.o.<\/h2>\n\n\n\n<p>ul. Przemys\u0142owa 6<br>41-407 Imielin<br>email: biuro(at)tefromes.com.pl<br>tel. 32 225 62 77<br>NIP: 2220010148<br>Bank: mBank S.A.:<\/p>\n<\/div><\/div>\n\n\n<style>.kadence-column7_080351-b0 > .kt-inside-inner-col,.kadence-column7_080351-b0 > .kt-inside-inner-col:before{border-top-left-radius:0px;border-top-right-radius:0px;border-bottom-right-radius:0px;border-bottom-left-radius:0px;}.kadence-column7_080351-b0 > .kt-inside-inner-col{column-gap:var(--global-kb-gap-sm, 1rem);}.kadence-column7_080351-b0 > .kt-inside-inner-col{flex-direction:column;}.kadence-column7_080351-b0 > .kt-inside-inner-col > .aligncenter{width:100%;}.kadence-column7_080351-b0 > .kt-inside-inner-col:before{opacity:0.3;}.kadence-column7_080351-b0{position:relative;}@media all and (max-width: 1024px){.kadence-column7_080351-b0 > .kt-inside-inner-col{flex-direction:column;justify-content:center;}}@media all and (max-width: 767px){.kadence-column7_080351-b0 > .kt-inside-inner-col{flex-direction:column;justify-content:center;}}<\/style>\n<div class=\"wp-block-kadence-column kadence-column7_080351-b0 inner-column-2\"><div class=\"kt-inside-inner-col\"><style>.kb-google-maps-container7_35adf8-2d{height:450px;}<\/style><div class=\"kb-google-maps-container kb-google-maps-container7_35adf8-2d  wp-block-kadence-googlemaps\" data-mapid=\"7_35adf82d\"><iframe width=\"100%\" height=\"100%\"\n\t\t\t\t\t\t\tstyle=\"border:0\" loading=\"lazy\"\n\t\t\t\t\t\t\tsrc=\"https:\/\/www.google.com\/maps\/embed\/v1\/place?key=AIzaSyBAM2o7PiQqwk15LC1XRH2e_KJ-jUa7KYk&#038;zoom=10&#038;maptype=roadmap&#038;q=Tefromes\"\n\t\t\t\t\t\t\ttitle=\"Mapa Google Tefromes\"><\/iframe><\/div><script>function kb_google_map7_35adf82d() { let center = { lat: 37.8201, lng: -122.4781}; let map = new google.maps.Map(document.getElementById(\"kb-google-map7_35adf82d\"), {\n\t\t\t\t\t    zoom: 10,\n\t\t\t\t\t    center: center,});let marker = new google.maps.Marker({   position: { lat: 37.8201, lng: -122.4781},    map: map,  });}<\/script><\/div><\/div>\n\n<\/div><\/div>\n\n<style>.kb-row-layout-id7_ace7ea-16 > .kt-row-column-wrap{align-content:start;}:where(.kb-row-layout-id7_ace7ea-16 > .kt-row-column-wrap) > .wp-block-kadence-column{justify-content:start;}.kb-row-layout-id7_ace7ea-16 > .kt-row-column-wrap{column-gap:var(--global-kb-gap-lg, 4rem);row-gap:var(--global-kb-gap-md, 2rem);max-width:var( --global-content-width, 1290px );padding-left:var(--global-content-edge-padding);padding-right:var(--global-content-edge-padding);padding-top:var(--global-kb-spacing-xl, 4rem);padding-bottom:var(--global-kb-spacing-xl, 4rem);grid-template-columns:repeat(2, minmax(0, 1fr));}.kb-row-layout-id7_ace7ea-16 > .kt-row-layout-overlay{opacity:0.30;}@media all and (max-width: 1024px){.kb-row-layout-id7_ace7ea-16 > .kt-row-column-wrap{row-gap:var(--global-kb-gap-sm, 1rem);grid-template-columns:minmax(0, 1fr);}}@media all and (max-width: 767px){.kb-row-layout-id7_ace7ea-16 > .kt-row-column-wrap{row-gap:var(--global-kb-gap-sm, 1rem);grid-template-columns:minmax(0, 1fr);}}<\/style><div class=\"kb-row-layout-wrap kb-row-layout-id7_ace7ea-16 alignfull has-theme-palette9-background-color kt-row-has-bg wp-block-kadence-rowlayout\"><div class=\"kt-row-column-wrap kt-has-2-columns kt-row-layout-equal kt-tab-layout-row kt-mobile-layout-row kt-row-valign-top kb-theme-content-width\">\n<style>.kadence-column7_0b8b31-ee > .kt-inside-inner-col,.kadence-column7_0b8b31-ee > .kt-inside-inner-col:before{border-top-left-radius:0px;border-top-right-radius:0px;border-bottom-right-radius:0px;border-bottom-left-radius:0px;}.kadence-column7_0b8b31-ee > .kt-inside-inner-col{column-gap:var(--global-kb-gap-sm, 1rem);}.kadence-column7_0b8b31-ee > .kt-inside-inner-col{flex-direction:column;}.kadence-column7_0b8b31-ee > .kt-inside-inner-col > .aligncenter{width:100%;}.kadence-column7_0b8b31-ee > .kt-inside-inner-col:before{opacity:0.3;}.kadence-column7_0b8b31-ee{position:relative;}@media all and (max-width: 1024px){.kadence-column7_0b8b31-ee > .kt-inside-inner-col{flex-direction:column;justify-content:center;}}@media all and (max-width: 767px){.kadence-column7_0b8b31-ee > .kt-inside-inner-col{flex-direction:column;justify-content:center;}}<\/style>\n<div class=\"wp-block-kadence-column kadence-column7_0b8b31-ee inner-column-1\"><div class=\"kt-inside-inner-col\"><style>.wp-block-kadence-advancedheading.kt-adv-heading7_6dbb13-94, .wp-block-kadence-advancedheading.kt-adv-heading7_6dbb13-94[data-kb-block=\"kb-adv-heading7_6dbb13-94\"]{font-style:normal;}.wp-block-kadence-advancedheading.kt-adv-heading7_6dbb13-94 mark.kt-highlight, .wp-block-kadence-advancedheading.kt-adv-heading7_6dbb13-94[data-kb-block=\"kb-adv-heading7_6dbb13-94\"] mark.kt-highlight{font-style:normal;color:#f76a0c;-webkit-box-decoration-break:clone;box-decoration-break:clone;padding-top:0px;padding-right:0px;padding-bottom:0px;padding-left:0px;}<\/style>\n<h2 class=\"kt-adv-heading7_6dbb13-94 wp-block-kadence-advancedheading\" data-kb-block=\"kb-adv-heading7_6dbb13-94\">Skontaktuj si\u0119 z nami<\/h2>\n\n\n<style>.wp-block-kadence-advancedheading.kt-adv-heading7_48ad5f-92, .wp-block-kadence-advancedheading.kt-adv-heading7_48ad5f-92[data-kb-block=\"kb-adv-heading7_48ad5f-92\"]{font-style:normal;}.wp-block-kadence-advancedheading.kt-adv-heading7_48ad5f-92 mark.kt-highlight, .wp-block-kadence-advancedheading.kt-adv-heading7_48ad5f-92[data-kb-block=\"kb-adv-heading7_48ad5f-92\"] mark.kt-highlight{font-style:normal;color:#f76a0c;-webkit-box-decoration-break:clone;box-decoration-break:clone;padding-top:0px;padding-right:0px;padding-bottom:0px;padding-left:0px;}<\/style>\n<p class=\"kt-adv-heading7_48ad5f-92 wp-block-kadence-advancedheading has-theme-palette-3-color has-text-color\" data-kb-block=\"kb-adv-heading7_48ad5f-92\">.<\/p>\n<\/div><\/div>\n\n\n<style>.kadence-column7_1f7b47-3a > .kt-inside-inner-col,.kadence-column7_1f7b47-3a > .kt-inside-inner-col:before{border-top-left-radius:0px;border-top-right-radius:0px;border-bottom-right-radius:0px;border-bottom-left-radius:0px;}.kadence-column7_1f7b47-3a > .kt-inside-inner-col{column-gap:var(--global-kb-gap-sm, 1rem);}.kadence-column7_1f7b47-3a > .kt-inside-inner-col{flex-direction:column;}.kadence-column7_1f7b47-3a > .kt-inside-inner-col > .aligncenter{width:100%;}.kadence-column7_1f7b47-3a > .kt-inside-inner-col:before{opacity:0.3;}.kadence-column7_1f7b47-3a{position:relative;}@media all and (max-width: 1024px){.kadence-column7_1f7b47-3a > .kt-inside-inner-col{flex-direction:column;justify-content:center;}}@media all and (max-width: 767px){.kadence-column7_1f7b47-3a > .kt-inside-inner-col{flex-direction:column;justify-content:center;}}<\/style>\n<div class=\"wp-block-kadence-column kadence-column7_1f7b47-3a inner-column-2\"><div class=\"kt-inside-inner-col\"><style>.kadence-form-7_919f95-50 .kb-form .kadence-blocks-form-field .kb-text-style-field, .kadence-form-7_919f95-50 .kb-form .kadence-blocks-form-field .kb-select-style-field{color:var(--global-palette4, #2D3748);background:var(--global-palette9, #ffffff);border-color:var(--global-palette6, #718096);}.kadence-form-7_919f95-50 .kb-form .kadence-blocks-form-field > label{color:var(--global-palette3, #1A202C);}.kb-form input.kadence-blocks-field.verify{opacity:0.0;position:absolute;top:0.0;left:0.0;width:0.0;height:0.0;z-index:-1;}<\/style>\n<div class=\"wp-block-kadence-form kadence-form-7_919f95-50 kb-form-wrap\"><form class=\"kb-form\" action=\"\" method=\"post\"><div class=\"kadence-blocks-form-field kb-field-desk-width-100 kb-input-size-standard\"><label for=\"kb_field_7_919f95-50_0\">Imi\u0119 i Nazwisko<span class=\"required\">*<\/span><\/label><input name=\"kb_field_0\" id=\"kb_field_7_919f95-50_0\" data-label=\"Imi\u0119 i Nazwisko\" type=\"text\" placeholder=\"\" value=\"\" data-type=\"text\" class=\"kb-field kb-text-style-field kb-text-field kb-field-0\" data-required=\"yes\"\/><\/div><div class=\"kadence-blocks-form-field kb-form-field-1 kb-field-desk-width-100 kb-input-size-standard\"><label for=\"kb_field_7_919f95-50_1\">Email<span class=\"required\">*<\/span><\/label><input name=\"kb_field_1\" id=\"kb_field_7_919f95-50_1\" data-label=\"Email\" type=\"email\" placeholder=\"\" value=\"\" data-type=\"email\" class=\"kb-field kb-text-style-field kb-email-field kb-field-1\" data-required=\"yes\"\/><\/div><div class=\"kadence-blocks-form-field kb-form-field-2 kb-field-desk-width-100 kb-input-size-standard\"><label for=\"kb_field_7_919f95-50_2\">Wiadmo\u015b\u0107<span class=\"required\">*<\/span><\/label><textarea name=\"kb_field_2\" id=\"kb_field_7_919f95-50_2\" data-label=\"Wiadmo\u015b\u0107\" type=\"textarea\" placeholder=\"\" data-type=\"textarea\" class=\"kb-field kb-text-style-field kb-textarea-field kb-field-2\" rows=\"4\" data-required=\"yes\"><\/textarea><\/div><input type=\"hidden\" name=\"_kb_form_id\" value=\"7_919f95-50\"\/><input type=\"hidden\" name=\"_kb_form_post_id\" value=\"7\"\/><input type=\"hidden\" name=\"action\" value=\"kb_process_ajax_submit\"\/><input type=\"hidden\" name=\"recaptcha_response\" class=\"kb_recaptcha_response kb_recaptcha_7_919f95-50\"\/><label class=\"kadence-verify-label\">Email<input class=\"kadence-blocks-field verify\" type=\"text\" name=\"_kb_verify_email\" autocomplete=\"new-password\" aria-hidden=\"true\" placeholder=\"Email\" tabindex=\"-1\" data-1p-ignore=\"true\" data-lpignore=\"true\" \/><\/label><div class=\"kadence-blocks-form-field kb-submit-field kb-field-desk-width-100\"><button class=\"kb-forms-submit button kb-button-size-standard kb-button-width-auto\">Wy\u015blij wiadomo\u015b\u0107<\/button><\/div><\/form><\/div>\n<noscript><div class=\"kadence-blocks-form-message kadence-blocks-form-warning\">Aby przes\u0142a\u0107 formularz, w\u0142\u0105cz obs\u0142ug\u0119 JavaScript w przegl\u0105darce<\/div><style>.kadence-form-7_919f95-50 .kadence-blocks-form-field.kb-submit-field { display: none; }<\/style><\/noscript><\/div><\/div>\n\n<\/div><\/div>","protected":false},"excerpt":{"rendered":"<p>Tefromes sp. z o.o. ul. Przemys\u0142owa 641-407 Imielinemail: biuro(at)tefromes.com.pltel. 32 225 62 77NIP: 2220010148Bank: mBank S.A.: Skontaktuj si\u0119 z nami .<\/p>\n","protected":false},"author":1,"featured_media":0,"parent":0,"menu_order":0,"comment_status":"closed","ping_status":"closed","template":"","meta":{"_kad_blocks_custom_css":"","_kad_blocks_head_custom_js":"","_kad_blocks_body_custom_js":"","_kad_blocks_footer_custom_js":"","_kadence_starter_templates_imported_post":false,"_kad_post_transparent":"","_kad_post_title":"","_kad_post_layout":"","_kad_post_sidebar_id":"","_kad_post_content_style":"","_kad_post_vertical_padding":"","_kad_post_feature":"","_kad_post_feature_position":"","_kad_post_header":false,"_kad_post_footer":false,"footnotes":""},"class_list":["post-7","page","type-page","status-publish","hentry"],"taxonomy_info":[],"featured_image_src_large":false,"author_info":{"display_name":"pawels","author_link":"https:\/\/www.tefromes.com.pl\/?author=1"},"comment_info":0,"_links":{"self":[{"href":"https:\/\/www.tefromes.com.pl\/index.php?rest_route=\/wp\/v2\/pages\/7","targetHints":{"allow":["GET"]}}],"collection":[{"href":"https:\/\/www.tefromes.com.pl\/index.php?rest_route=\/wp\/v2\/pages"}],"about":[{"href":"https:\/\/www.tefromes.com.pl\/index.php?rest_route=\/wp\/v2\/types\/page"}],"author":[{"embeddable":true,"href":"https:\/\/www.tefromes.com.pl\/index.php?rest_route=\/wp\/v2\/users\/1"}],"replies":[{"embeddable":true,"href":"https:\/\/www.tefromes.com.pl\/index.php?rest_route=%2Fwp%2Fv2%2Fcomments&post=7"}],"version-history":[{"count":30,"href":"https:\/\/www.tefromes.com.pl\/index.php?rest_route=\/wp\/v2\/pages\/7\/revisions"}],"predecessor-version":[{"id":108,"href":"https:\/\/www.tefromes.com.pl\/index.php?rest_route=\/wp\/v2\/pages\/7\/revisions\/108"}],"wp:attachment":[{"href":"https:\/\/www.tefromes.com.pl\/index.php?rest_route=%2Fwp%2Fv2%2Fmedia&parent=7"}],"curies":[{"name":"wp","href":"https:\/\/api.w.org\/{rel}","templated":true}]}}